018 a prime number?
False
Is 5513483 a composite number?
True
Is 5536639 prime?
True
Is 14220023 a composite number?
False
Is 84192569 composite?
False
Is 28430263 composite?
False
Is 13509557 prime?
True
Is 393726471 composite?
True
Is 69198277 prime?
False
Is 14787953 composite?
False
Is 3016577 prime?
False
Is 320464097 prime?
True
Is 1941265 a prime number?
False
Is 20377283 a composite number?
False
Is 38021713 a composite number?
True
Is 55664657 prime?
True
Is 431165617 composite?
False
Is 62750647 a composite number?
True
Is 2706817 a composite number?
False
Is 10972649 a composite number?
False
Is 360659087 a prime number?
True
Is 4442911 a prime number?
False
Is 10207303 a composite number?
False
Is 606852677 a prime number?
False
Is 80562101 composite?
True
Is 625507091 a prime number?
False
Is 12079201 a prime number?
True
Is 2757305 a prime number?
False
Is 49504649 composite?
False
Is 33263891 composite?
False
Is 12417947 a prime number?
True
Is 1575643 a prime number?
True
Is 26519641 composite?
False
Is 4961501 composite?
True
Is 256979279 composite?
True
Is 282098783 prime?
True
Is 3602527 a composite number?
False
Is 126359 a prime number?
True
Is 437629 a composite number?
False
Is 325256849 prime?
True
Is 631290347 a prime number?
True
Is 67052021 a prime number?
True
Is 13832771 composite?
False
Is 289388591 prime?
True
Is 7204913 a prime number?
True
Is 221432621 a composite number?
False
Is 10396709 composite?
False
Is 444479213 a prime number?
True
Is 350347 a composite number?
False
Is 31932253 composite?
True
Is 24653 composite?
True
Is 4063061 a composite number?
False
Is 10948499 prime?
True
Is 15831082 prime?
False
Is 628003 composite?
True
Is 1048774 a composite number?
True
Is 533771 prime?
False
Is 16193627 prime?
True
Is 26283427 prime?
False
Is 1957981 a prime number?
True
Is 2030239 composite?
True
Is 4106863 composite?
False
Is 125967659 prime?
True
Is 241589 composite?
False
Is 47547569 a prime number?
False
Is 5702257 a composite number?
True
Is 37202251 composite?
False
Is 1915507 prime?
False
Is 414611 composite?
False
Is 33309163 prime?
False
Is 13096001 a composite number?
True
Is 9488881 a composite number?
True
Is 1974433 a composite number?
False
Is 4874479 a composite number?
True
Is 4603811 composite?
False
Is 7287701 prime?
True
Is 60482563 a prime number?
True
Is 10141037 a composite number?
False
Is 24947071 prime?
False
Is 13996183 composite?
True
Is 2160159 a prime number?
False
Is 26018837 composite?
True
Is 2816633 prime?
True
Is 2469359 composite?
False
Is 1755311 composite?
True
Is 19786933 composite?
True
Is 13226861 a prime number?
True
Is 36507791 prime?
True
Is 179475061 composite?
True
Is 20240723 prime?
True
Is 137699227 prime?
True
Is 5397845 prime?
False
Is 736741 a prime number?
True
Is 499879 a prime number?
True
Is 576053 a composite number?
True
Is 5366729 composite?
False
Is 6322531 a composite number?
True
Is 15099499 a composite number?
True
Is 100376093 a prime number?
True
Is 566943229 a prime number?
True
Is 9992863 a composite number?
True
Is 6884863 a prime number?
True
Is 830123 prime?
False
Is 9835373 a prime number?
True
Is 728951539 a prime number?
True
Is 1557551 a composite number?
False
Is 5360921 prime?
True
Is 137486 a composite number?
True
Is 9375259 a composite number?
False
Is 41936527 composite?
False
Is 43520461 composite?
True
Is 5177239 composite?
False
Is 3777347 composite?
True
Is 2091439 a prime number?
False
Is 6508329 prime?
False
Is 763177 a composite number?
True
Is 554006 a prime number?
False
Is 174471821 prime?
False
Is 1282571 a composite number?
False
Is 880199 a composite number?
False
Is 259273 composite?
True
Is 12572759 composite?
False
Is 24077051 composite?
False
Is 560550371 prime?
True
Is 6575543 prime?
False
Is 17336065 a prime number?
False
Is 80409259 a composite number?
True
Is 4851971 prime?
True
Is 11330899 a prime number?
True
Is 271549 prime?
True
Is 169292219 composite?
True
Is 55404257 prime?
False
Is 261409319 a composite number?
False
Is 5547581 a prime number?
False
Is 1915288127 composite?
False
Is 255649399 composite?
True
Is 584995351 a composite number?
True
Is 247523099 composite?
False
Is 1812053 composite?
False
Is 14336111 a composite number?
False
Is 12742553 composite?
False
Is 117560173 a composite number?
False
Is 66733309 a composite number?
False
Is 23478517 prime?
True
Is 27950677 a composite number?
False
Is 102809699 a prime number?
True
Is 152363573 prime?
False
Is 45612167 composite?
False
Is 67021033 a composite number?
False
Is 54948907 composite?
True
Is 1561645469 a composite number?
False
Is 2044681 a composite number?
False
Is 8915523 a composite number?
True
Is 34500049 a composite number?
True
Is 39529195 a prime number?
False
Is 83374651 prime?
True
Is 2941343 a prime number?
False
Is 10191563 a prime number?
True
Is 7375393 composite?
False
Is 32801089 composite?
False
Is 279407567 prime?
True
Is 5449379 a composite number?
True
Is 12170857 a composite number?
True
Is 52845601 a prime number?
True
Is 3568553 composite?
True
Is 17387429 a composite number?
False
Is 1406422 a composite number?
True
Is 3617767 composite?
False
Is 27068119 a prime number?
False
Is 8487551 prime?
True
Is 2270999 a prime number?
False
Is 7560407 composite?
False
Is 1040759 composite?
True
Is 146282309 a prime number?
True
Is 408787 a composite number?
False
Is 77478307 a composite number?
False
Is 14538179 composite?
True
Is 10033901 composite?
False
Is 327184289 a composite number?
False
Is 737692829 a prime number?
True
Is 77207881 a prime number?
True
Is 41893 a prime number?
True
Is 1552861 prime?
True
Is 79028981 a prime number?
True
Is 11251651 prime?
True
Is 19724987 a composite number?
False
Is 153591223 a composite number?
True
Is 2963399 prime?
True
Is 1619941 a prime number?
True
Is 597381101 a prime number?
True
Is 10072471 composite?
True
Is 20424247 a prime number?
True
Is 6970193 prime?
True
Is 135560651 composite?
False
Is 432007777 a composite number?
False
Is 896902 a composite number?
True
Is 40589977 a composite number?
False
Is 116967853 composite?
False
Is 33616247 a prime number?
False
Is 1465001 a prime number?
False
Is 35232803 composite?
True
Is 405152249 composite?
False
Is 1317614 prime?
False
Is 24076991 composite?
False
Is 7703207 a composite number?
True
Is 27271967 composite?
False
Is 153901069 a prime number?
False
Is 8812039 a composite number?
True
Is 117028957 prime?
True
Is 23362 prime?
False
Is 190229713 a prime number?
True
Is 842729 prime?
True
Is 3658289 prime?
False
Is 3399427 a prime number?
True
Is 15601127 a prime number?
True
Is 2877581 composite?
True
Is 2024611 composite?
False
Is 2804413 prime?
False
Is 497823173 a composite number?
True
Is 428287 prime?
False
Is 1126051 a prime number?
False
Is 15428867 prime?
False
Is 14535519 prime?
False
Is 9090173 a prime number?
True
Is 2060221 a composite number?
True
Is 61366769 a prime number?
False
Is 384518297 prime?
False
Is 308987689 prime?
True
Is 3728453 composite?
True
Is 10558967 composite?
False
Is 18796231 a composite number?
True
Is 668543 prime?
True
Is 18140765 composite?
True
Is 2425957 prime?
True
Is 7853959 prime?
True
Is 6201319 a composite number?
True
Is 9829823 prime?
True
Is 155834717 composite?
False
Is 2344241 prime?
True
Is 42117919 a composite number?
True
Is 5352811 a prime number?
False
Is 170271887 prime?
True
Is 238155259 a prime number?
True
Is 4761623 prime?
False
Is 1351363 a prime number?
False
Is 3763735 a composite number?
True
Is 1493501 a prime number?
False
Is 12097973 a prime number?
False
Is 28243981 a composite number?
True
Is 290317 a prime number?
True
Is 11053013 composite?
False
Is 145340147 a prime number?
True
Is 2459843 composite?
False
Is 482567 a prime number?
False
Is 4280201 composite?
True
Is 26810953 a prime number?
False
Is 13791839 prime?
False
Is 2315389 composite?
True
Is 8164711 a composite number?
True
Is 5119999 composite?
True
Is 140461193 a composite number?
False
Is 4221563 prime?
True
Is 3160149 prime?
False
Is 3529819 a prime number?
False
Is 1960561627 a composite number?
False
Is 20617319 prime?
False
Is 9034073 a composite number?
False
Is 346933 a pr